and 8034.
6
What is the greatest common divisor of 296592 and 3765516?
2004
What is the highest common factor of 8 and 24429388?
4
Calculate the highest common divisor of 1378297 and 1394.
41
What is the highest common divisor of 608379 and 253827?
4029
What is the highest common divisor of 5098326 and 150?
6
Calculate the greatest common factor of 651633 and 5810.
83
What is the greatest common divisor of 1148 and 184140348?
1148
Calculate the highest common divisor of 141878730 and 140.
70
Calculate the greatest common factor of 9312 and 723117152.
3104
What is the highest common divisor of 369 and 459549?
9
What is the highest common factor of 7315032 and 30?
6
Calculate the highest common factor of 29757 and 85638.
21
What is the highest common divisor of 104522 and 1368288?
9502
Calculate the highest common factor of 3630 and 37379562.
726
What is the highest common divisor of 4404024 and 216?
216
What is the highest common divisor of 37050 and 239953584?
1482
Calculate the highest common factor of 5326704 and 203344.
1136
Calculate the greatest common divisor of 3274440 and 996.
12
What is the highest common factor of 60 and 2687685?
15
What is the greatest common factor of 21270128 and 578?
34
Calculate the greatest common divisor of 8988 and 4609560.
1284
What is the greatest common factor of 681343 and 15249?
221
Calculate the highest common factor of 3266932 and 225592.
692
What is the highest common divisor of 83184775 and 388?
97
Calculate the highest common factor of 105868862 and 138.
46
Calculate the highest common factor of 1973241 and 356817.
4299
Calculate the greatest common factor of 111694 and 594.
22
Calculate the greatest common divisor of 1866956 and 18837.
2093
What is the highest common divisor of 72742 and 1428299?
983
What is the highest common divisor of 140352 and 462468?
204
Calculate the highest common factor of 13034588 and 392.
196
What is the greatest common factor of 8612253 and 9?
9
What is the greatest common divisor of 16 and 1404158?
2
Calculate the highest common divisor of 16936 and 1099448.
232
Calculate the highest common divisor of 22810 and 5410.
10
What is the greatest common factor of 104288 and 57407285?
3259
Calculate the greatest common factor of 12 and 164567532.
12
What is the highest common divisor of 431321340 and 24?
12
What is the highest common factor of 4157845 and 745?
745
What is the greatest common factor of 84 and 203979783?
21
Calculate the highest common divisor of 1404 and 728138736.
468
What is the highest common factor of 106964 and 200860?
484
Calculate the greatest common divisor of 15269884 and 48146.
2534
What is the highest common divisor of 782 and 25279714?
782
What is the highest common divisor of 29975 and 16725?
25
Calculate the greatest common divisor of 595 and 16758719.
17
Calculate the greatest common divisor of 890 and 33761527.
89
What is the highest common factor of 148231 and 5700037?
653
Calculate the greatest common factor of 4857315 and 555.
15
What is the greatest common factor of 2396819 and 17384?
2173
Calculate the highest common factor of 10890 and 693540.
90
What is the highest common factor of 202995 and 89055?
45
What is the greatest common factor of 2001 and 929595?
87
What is the highest common factor of 1540 and 5762640?
20
Calculate the highest common divisor of 696 and 388945506.
174
What is the highest common factor of 104031 and 120879?
27
Calculate the highest common divisor of 33624 and 43664967.
4203
Calculate the greatest common divisor of 260 and 9818376.
4
What is the greatest common factor of 7016712 and 456?
24
What is the greatest common divisor of 2 and 28583371?
1
Calculate the highest common factor of 3931760 and 55760.
1360
Calculate the greatest common factor of 216 and 10483260.
12
Calculate the highest common divisor of 63 and 37730532.
21
Calculate the greatest common divisor of 3549605 and 25.
5
Calculate the highest common factor of 12506454 and 81.
27
What is the greatest common factor of 21190 and 1181310?
130
Calculate the greatest common factor of 128188 and 28324.
292
Calculate the greatest common factor of 17592492 and 5033.
719
What is the greatest common factor of 14958 and 174238263?
7479
Calculate the greatest common factor of 6577557 and 123060.
6153
Calculate the greatest common factor of 4309979 and 5539696.
11939
What is the highest common divisor of 20434 and 362491?
17
What is the highest common factor of 588 and 976128?
12
Calculate the highest common divisor of 924672 and 325983.
903
What is the highest common divisor of 307867599 and 234?
117
Calculate the highest common divisor of 58338189 and 351.
117
What is the highest common divisor of 17488 and 253088?
16
What is the highest common factor of 44513395 and 897?
23
What is the greatest common factor of 121902444 and 156?
12
Calculate the greatest common divisor of 404 and 73328626.
202
Calculate the highest common divisor of 258757210 and 20.
10
What is the greatest common divisor of 481755 and 93?
3
Calculate the greatest common divisor of 5206 and 2347084.
274
What is the greatest common factor of 1510 and 148559538?
302
What is the greatest common divisor of 385 and 386021713?
77
Calculate the greatest common factor of 116012089 and 4291.
613
What is the greatest common factor of 13891094 and 1596753?
6571
What is the highest common factor of 2392 and 213563740?
1196
What is the highest common factor of 5317004 and 38186?
122
What is the greatest common factor of 1232 and 15699420?
44
Calculate the greatest common divisor of 28360400 and 400.
400
What is the greatest common divisor of 390 and 578370?
390
What is the highest common divisor of 86992092 and 11484?
396
Calculate the greatest common divisor of 538 and 674112386.
538
Calculate the highest common factor of 15321665 and 4036.
1009
Calculate the highest common factor of 603715 and 6788915.
1645
What is the greatest common divisor of 1914610 and 70?
10
What is the highest common divisor of 114947 and 1246?
7
Calculate the greatest common divisor of 167102425 and 700.
175
What is the highest common factor of 3500491972 and 33944?
16972
What is the greatest common factor of 14 and 24723818?
14
What is the greatest common factor of 41460010 and 10?
10
What is the highest common factor of 37728892 and 452?
452
Calculate the greatest common divisor of 19476545 and 957.
319
Calculate the highest common factor of 78742038 and 534.
534
What is the highest common divisor of 124 and 7976492?
4
Calculate the highest common factor of 41316 and 800139428.
13772
Calculate the highest common divisor of 5938775 and 200.
25
What is the highest common divisor of 57918 and 2116800?
294
Calculate the highest common divisor of 8194 and 1031962.
482
Calculate the greatest common factor of 16026244 and 104.
52
What is the greatest common divisor of 92470735 and 595?
595
Calculate the highest common factor of 50451 and 1140340.
67
What is the greatest common divisor of 195 and 2865018?
39
What is the greatest common factor of 1010 and 52318000?
1010
Calculate the greatest common divisor of 175 and 20815725.
175
Calculate the highest common factor of 6300 and 1313200.
700
What is the highest common factor of 473088 and 20229?
33
What is the greatest common factor of 4028 and 8723356?
76
What is the highest common factor of 2 and 32762592?
2
Calculate the greatest common factor of 2368502 and 504127.
2983
Calculate the greatest common factor of 1185396 and 586988.
2284
Calculate the highest common divisor of 2648275 and 17945.
185
What is the greatest common factor of 32 and 17994272?
32
Calculate the greatest common divisor of 880856889 and 1089.
363
What is the highest common factor of 1550 and 19635710?
310
What is the highest common divisor of 109649 and 2218877?
551
Calculate the highest common divisor of 2363 and 7680872.
17
Calculate the greatest common factor of 604 and 3810938.
302
What is the greatest common divisor of 558438474 and 2618?
374
Calculate the highest common divisor of 986561 and 1834.
131
Calculate the greatest common divisor of 1071759 and 1833.
39
Calculate the highest common divisor of 22 and 3725546.
22
Calculate the greatest common factor of 53205 and 71235.
15
What is the greatest c